{"id":13,"date":"2015-09-15T06:49:45","date_gmt":"2015-09-15T03:49:45","guid":{"rendered":"http:\/\/rtitalot.fi\/wordpress\/?page_id=13"},"modified":"2019-01-02T23:09:12","modified_gmt":"2019-01-02T20:09:12","slug":"kysy-rohkeasti","status":"publish","type":"page","link":"https:\/\/rtitalot.fi\/wordpress\/","title":{"rendered":"Tervetuloa"},"content":{"rendered":"<h2><a href=\"https:\/\/rtitalot.fi\/wordpress\/wp-content\/uploads\/2018\/08\/IMG_0951.0.jpg\"><img loading=\"lazy\" class=\"alignnone size-medium wp-image-194\" src=\"https:\/\/rtitalot.fi\/wordpress\/wp-content\/uploads\/2018\/08\/IMG_0951.0-300x200.jpg\" alt=\"\" width=\"300\" height=\"200\" srcset=\"https:\/\/rtitalot.fi\/wordpress\/wp-content\/uploads\/2018\/08\/IMG_0951.0-300x200.jpg 300w, https:\/\/rtitalot.fi\/wordpress\/wp-content\/uploads\/2018\/08\/IMG_0951.0-768x512.jpg 768w, https:\/\/rtitalot.fi\/wordpress\/wp-content\/uploads\/2018\/08\/IMG_0951.0-1024x683.jpg 1024w\" sizes=\"(max-width: 300px) 100vw, 300px\" \/><\/a><a href=\"http:\/\/rtitalot.fi\/wordpress\/wp-content\/uploads\/2018\/06\/20180621_181800.jpg\"><img loading=\"lazy\" class=\"alignnone size-medium wp-image-170\" src=\"http:\/\/rtitalot.fi\/wordpress\/wp-content\/uploads\/2018\/06\/20180621_181800-300x225.jpg\" alt=\"\" width=\"300\" height=\"225\" srcset=\"https:\/\/rtitalot.fi\/wordpress\/wp-content\/uploads\/2018\/06\/20180621_181800-300x225.jpg 300w, https:\/\/rtitalot.fi\/wordpress\/wp-content\/uploads\/2018\/06\/20180621_181800-768x576.jpg 768w, https:\/\/rtitalot.fi\/wordpress\/wp-content\/uploads\/2018\/06\/20180621_181800-1024x768.jpg 1024w\" sizes=\"(max-width: 300px) 100vw, 300px\" \/><\/a><\/h2>\n<h2>Rakennuspalvelut<\/h2>\n<p>Toteutamme rakennusprojektit ja remontit aina huolella ja asiakkaan toiveiden mukaisesti. Yrityksen tavoitteena on korkea laatutaso, onnistuneet hankkeet ja tyytyv\u00e4iset asiakassuhteet. Kaikki ty\u00f6t valmistuvat ammattilaisten toimesta varmasti ja luotettavasti.<\/p>\n<p>Ole yhteydess\u00e4 projektiisi liittyviss\u00e4 asioissa niin mietit\u00e4\u00e4n teille sopiva ratkaisu.<\/p>\n<p class=\"pad_bot1\"><a href=\"tel:0407192078\">040 719 2078<\/a><\/p>\n<p>&nbsp;<\/p>\n<h2 class=\"pad_bot1\"><\/h2>\n<h2><\/h2>\n","protected":false},"excerpt":{"rendered":"<p>Rakennuspalvelut Toteutamme rakennusprojektit ja remontit aina huolella ja asiakkaan toiveiden mukaisesti. Yrityksen tavoitteena on korkea laatutaso, onnistuneet hankkeet ja tyytyv\u00e4iset asiakassuhteet. Kaikki ty\u00f6t valmistuvat ammattilaisten toimesta varmasti ja luotettavasti. Ole yhteydess\u00e4 projektiisi liittyviss\u00e4 asioissa niin mietit\u00e4\u00e4n teille sopiva ratkaisu. 040 719 2078 &nbsp;<\/p>\n","protected":false},"author":1,"featured_media":46,"parent":0,"menu_order":0,"comment_status":"closed","ping_status":"closed","template":"","meta":[],"_links":{"self":[{"href":"https:\/\/rtitalot.fi\/wordpress\/wp-json\/wp\/v2\/pages\/13"}],"collection":[{"href":"https:\/\/rtitalot.fi\/wordpress\/wp-json\/wp\/v2\/pages"}],"about":[{"href":"https:\/\/rtitalot.fi\/wordpress\/wp-json\/wp\/v2\/types\/page"}],"author":[{"embeddable":true,"href":"https:\/\/rtitalot.fi\/wordpress\/wp-json\/wp\/v2\/users\/1"}],"replies":[{"embeddable":true,"href":"https:\/\/rtitalot.fi\/wordpress\/wp-json\/wp\/v2\/comments?post=13"}],"version-history":[{"count":22,"href":"https:\/\/rtitalot.fi\/wordpress\/wp-json\/wp\/v2\/pages\/13\/revisions"}],"predecessor-version":[{"id":221,"href":"https:\/\/rtitalot.fi\/wordpress\/wp-json\/wp\/v2\/pages\/13\/revisions\/221"}],"wp:featuredmedia":[{"embeddable":true,"href":"https:\/\/rtitalot.fi\/wordpress\/wp-json\/wp\/v2\/media\/46"}],"wp:attachment":[{"href":"https:\/\/rtitalot.fi\/wordpress\/wp-json\/wp\/v2\/media?parent=13"}],"curies":[{"name":"wp","href":"https:\/\/api.w.org\/{rel}","templated":true}]}}